vide r(-6)?
True
Suppose 9*w = -28 + 343. Is w a multiple of 5?
True
Suppose -4*q = j - 28, 5*j - 2*q - 45 = -3*q. Is 8 a factor of j?
True
Suppose 108 = 29*f - 25*f. Is f a multiple of 6?
False
Suppose -3*r - 1 = -16. Suppose -3*b = -r*j - 151, 0*j = -3*j - 15. Suppose 0 = -3*p + p + b. Does 7 divide p?
True
Suppose -12 + 112 = 2*c. Is c a multiple of 14?
False
Let r(b) = -2*b + 8. Let w be r(6). Let o(c) = c**3 + 6*c**2 + 2*c + 1. Is o(w) a multiple of 8?
False
Let l be 1 + -2 - (65 - 0). Let c = l - -104. Is c a multiple of 21?
False
Let z be ((-4)/(-6))/((-10)/(-45)). Suppose z*m = 42 + 48. Does 14 divide m?
False
Suppose 2 = -2*l, l + 379 = 3*t + 3*l. Suppose -15 = -4*o - t. Let d = o + 42. Does 14 divide d?
True
Let h be 7/14*1*-2. Let q = h - -3. Suppose 3*j + 5*p - 119 = 6*p, -q*j = 3*p - 83. Does 20 divide j?
True
Let a(t) = 2*t**3 - 6*t**2 + 7*t - 6. Let i be a(5). Does 16 divide 2/10 - i/(-5)?
False
Let y(i) = i**2 + 5*i - 11. Suppose 4*u - 3*b - 18 = -2*b, -3*u + 10 = b. Suppose u*l - 48 = 5*p + 2*l, -2*l = -p - 16. Does 5 divide y(p)?
False
Let z(g) = 10*g + 4. Suppose -12 = 6*q - 9*q. Is z(q) a multiple of 28?
False
Let y = -12 - -30. Is 9 a factor of y?
True
Let z = 12 - 10. Suppose z*r - f = 123, -4*r + 243 = -f + 2*f. Is r a multiple of 17?
False
Let r(h) = 8*h**2 + 4. Is r(-2) a multiple of 16?
False
Let j(n) = -n - 1. Let z be j(3). Let p = 8 + z. Is 8 a factor of (13 - 0)*(p + -3)?
False
Let h(c) = -c**3 - 13*c**2 - 2*c - 3. Is h(-13) a multiple of 12?
False
Let u(j) be the second derivative of -j**3/3 - 3*j**2/2 + 2*j. Let z be u(-3). Suppose -z*n + 8 = -w - 7*n, -7 = -w + n. Is 2 a factor of w?
True
Let q(d) be the second derivative of d**4/12 - d**3/2 - 3*d**2/2 - 2*d. Let a be q(6). Suppose 2*l - a = -p, -4*p - 5*l + 10 = -53. Is 6 a factor of p?
False
Suppose 0 = -2*o + 7*o - 25. Suppose -3*i = -f - 0*i + 36, 116 = 4*f - o*i. Is f a multiple of 12?
True
Let u = -4 - -7. Suppose 0 = -4*q - 2*x - 27 + 7, u*x + 16 = -4*q. Let l(o) = 2*o**2 + 9*o - 9. Is l(q) a multiple of 13?
True
Let p(s) = 12*s - 4. Let t be p(2). Is (-206)/(-4) + t/40 a multiple of 13?
True
Let b be 42/9*(-36)/(-42). Suppose b*n + 0*n - 200 = 0. Is 10 a factor of n?
True
Let j = 118 - 62. Suppose 4*m + a = 6*a + 28, a + j = 5*m. Does 4 divide m?
True
Suppose 5*w - 52 = 3*w. Is 13 a factor of w?
True
Suppose 20 + 36 = 4*n. Is 13 a factor of n?
False
Does 9 divide (-242)/(-4) - (91/14 + -5)?
False
Let m = -6 - -9. Suppose -2*w - k + 20 = -3*k, -m*w + k = -20. Suppose -p = -w, 5*o - 2*p = 92 + 18. Does 13 divide o?
False
Let t(j) = -2*j + 27. Is t(-6) a multiple of 9?
False
Suppose -4*u = -0*u - 16. Suppose 3*n = 4*r + 44, -56 - 4 = -u*n + 4*r. Is 16 a factor of n?
True
Suppose -3*i = 3*z - 60, 2*z - 2*i = -7*i + 43. Suppose j = 4*f + f + 28, 2*j = -5*f - z. Suppose 2*x + 2*y = 6*x - 130, -j*x = 4*y - 70. Is 15 a factor of x?
True
Let o be 2*-11 + 0 + 3. Let i be 30 - (-1 + -2 - -1). Let l = i + o. Is l a multiple of 13?
True
Suppose -z - 2*x + 23 + 49 = 0, -5*z + 5*x + 390 = 0. Let k(h) = -h**2 - 8*h + 5. Let a be k(4). Let f = z + a. Does 11 divide f?
True
Let u(l) = 9*l**2 + 0*l**3 + 11 - l**3 + 2*l - 2*l + 3*l. Is 33 a factor of u(8)?
True
Let z(y) = -y**3 + 3*y**2 - 2*y + 2. Let r be z(2). Suppose -r*x = -j - 24 - 27, -2*x = 5*j - 81. Does 11 divide x?
False
Let t(f) = -2*f**3 - 5*f**2 - 3*f + 2. Let u be t(-3). Let y = u + -10. Does 9 divide y?
False
Suppose j - o - 3 - 5 = 0, 2*o - 26 = -5*j. Let m(b) = 2*b - 3 + 0 + 2. Does 8 divide m(j)?
False
Suppose -11*y + 18*y - 1400 = 0. Is y a multiple of 38?
False
Let k = -5 - -8. Let q(p) = 5*p**3 + 7*p**2 - 2*p + 1. Let i(b) = 4*b**3 + 7*b**2 - 3*b + 2. Let o(z) = k*q(z) - 4*i(z). Does 11 divide o(-8)?
True
Let p = 7 - 3. Suppose 5*x = 3*k + 14, -4*k + x + 0 = -p. Does 13 divide (-3 + k)*(-15 + 2)?
True
Is 15/1 + (9 - 11) a multiple of 2?
False
Suppose -3*y = -4*y - b - 6, 0 = -2*y - b - 8. Let v be (1 - y) + 18/(-6). Suppose v = -r + 4*k + 11, -k + 76 = 5*r - 0*k. Is 5 a factor of r?
True
Let c(h) = h**3 - h**2 + 1. Let p be c(2). Suppose 2*o + p*w = 71, -2*o + w = -46 - 31. Let y = 6 + o. Is y a multiple of 17?
False
Is (-2190)/(-24) - 3/12 a multiple of 30?
False
Let p = 19 - 10. Is p a multiple of 3?
True
Let s(b) = b**2 - 3*b + 30. Is s(0) a multiple of 5?
True
Suppose 280 = 4*y + 28. Is 13 a factor of y?
False
Let b be (-13)/(-1) + 30/(-10). Does 10 divide 688/b - (-3)/15?
False
Let j = 1 + 47. Suppose 4*s - 39 = n, -5*s + 3*n + j = 2*n. Does 3 divide s?
True
Let i = 8 - 7. Suppose -3*v - i = -7. Suppose 0 = -v*a + 16. Does 6 divide a?
False
Suppose -3*m - 2*d + 48 = 0, m + 3*d - 23 = -0*m. Suppose 2*x = 4*x - m. Does 3 divide x?
False
Let l = 2 - 9. Let z = -6 - l. Let j = 40 - z. Does 19 divide j?
False
Let m(f) = -f**2 - 10*f + 7. Let k be m(-11). Is 27 a factor of (k - -32 - 1)*1?
True
Suppose -3 = -4*d + 9. Suppose d*n - 2*y = 40, 3*y - 15 = -n - 2*n. Does 5 divide n?
True
Let t = 40 - 13. Does 16 divide 426/t - (-2)/9?
True
Let a(v) = -v**3 + v - 1. Let x be a(-2). Suppose -62 = -4*l - x*b, -5*l - 2*b + 61 = -4*b. Does 7 divide l?
False
Let j = -22 + 39. Suppose -j = -2*p + 13. Does 15 divide p?
True
Let t(n) = -n**2 - 2*n - 6. Let b be t(7). Let o = 104 + b. Is 14 a factor of o?
False
Let g = 4 - 3. Let s be 1 - (g + -2) - -17. Let p = -7 + s. Is p a multiple of 12?
True
Suppose 162 = 11*f - 2*f. Is 12 a factor of f?
False
Suppose 5*i = 7*i - 110. Is 11 a factor of i?
True
Let f(m) = m**3 + 9*m**2 - 2*m + 7. Is f(-9) a multiple of 5?
True
Let w be 5/(-1)*(-228)/10. Suppose 5*c + 14 = w. Is 13 a factor of c?
False
Let p(z) = -z**2 - 6*z - 6. Let r be p(-4). Suppose -84 = -r*m - m. Is m a multiple of 14?
True
Suppose -3*a - 4*q + 552 = 0, -4*a = -5*a - 2*q + 186. Suppose -a = -3*u - 2*u. Does 19 divide u?
False
Let z(y) = 7*y**2 + 5. Let h be z(-5). Suppose 0 = 4*u - 3*g - h, 0 = 4*u - 2*g - 30 - 154. Suppose 3*d = 3*b - 24, 3*b = -5*d - 0*d + u. Is b a multiple of 11?
True
Let g = 105 - 11. Does 19 divide g?
False
Let v be (-1)/(-1 + (-1)/(-2)). Does 17 divide 28 + v + -3 + -1?
False
Suppose y + 3*y = 340. Is 38 a factor of y?
False
Let i(k) = -11*k - k + 2*k**2 - k**2 + 17 - 4. Let f be i(11). Let s = 9 - f. Is 5 a factor of s?
False
Let m = -18 - -53. Does 7 divide m?
True
Let l be 2 + -1 - (-2 + 1). Suppose -l*v = 4*p - 18, 4*v - 22 = -2. Let t = p - -3. Is t even?
False
Suppose 20 = 4*j, a + 4*j = -3 + 22. Let s = 1 + a. Let f(q) = -q**3 - q**2 + 18. Is f(s) a multiple of 9?
True
Suppose -3*v + d + 5 = 0, 3*v - v + 8 = -5*d. Suppose -k - 10 = v. Let l = k + 35. Is 12 a factor of l?
True
Let a = -3 - -16. Is 7 a factor of a?
False
Suppose 0 = 5*h - 4*h - 2. Suppose 2*v - 32 = z, -h*z - 8 = 2*z. Is 15 a factor of v?
True
Let r(y) = y**2 - 3*y + 5. Is r(-11) a multiple of 13?
False
Let r(f) = -f**3 - 5*f**2 + 6*f - 4. Let o be r(-6). Let b = o - -6. Is (1 + 1 - 1) + b a multiple of 3?
True
Let a be ((-5)/(-15))/(1/(-3)). Let r = 0 + a. Is r - -2 - -2 - -1 a multiple of 3?
False
Let d = -114 - -173. Is d a multiple of 15?
False
Let y be (-3)/(-1 + (-111)/(-102)). Let g = -13 - y. Does 7 divide g?
True
Suppose b = -2*a + 76, b = a + 6*b - 47. Does 18 divide a?
False
Let l be (-156)/(-4)*2/3. Suppose 5*k - 3*d + 198 = 0, -4*d + l = 3*k - 4*k. Let s = k - -61. Is 8 a factor of s?
False
Let v = 8 + -3. Suppose -2*b = 6*j - v*j - 12, b = 5. Is 2 a factor of 5*(3 - (j + 0))?
False
Let b be (-1)/((-1)/2) - 4. Is 5 a factor of 326/22 - b/11?
True
Suppose -k = k + 28. Let g = k - 7. Let m = g + 30. Does 3 divide m?
True
Let t(w) = 22*w - 5. Let o be t(3). Let b = 90 - o. Is b a multiple of 16?
False
Is 22*(3 + -1)/2 even?
True
Let f = -180 - -211. Is f a multiple of 5?
False
Is 3 a factor of 1/2 - 184/(-16)?
True
Let j = 48 + -17. Suppose m - j - 15 = 0. Is 12 a factor of m?
False
Let y(z) = -4*z - 4. Let c be y(-3). Suppose 0*a = 3*a - 4*p - 7, 0 = 4*a - 4*p - c. Let j(s) = 25*s**3 - s**2 + s - 1. Is 12 a factor of j(a)?
True
Suppose 3*s = -8 - 358. Let l = -32 - s. Is l a multiple of 30?
True
Let d(o) = o**3 + 6*o**2 - 8*o - 5. Let a be d(-7). Let u = 3 + 7. Suppose 26 = a*y - u. Is y a multiple of 18?
True
Suppose 3*i - 4*w + 4 = 0, 0 - 4 = -w. Suppose 0 = i*b - 0 - 376. Suppose 0 = -2*r - r -